. Determine d(63).
28
Let o(p) = p**3 + 12*p**2 - 62*p - 841. Calculate o(-10).
-21
Let b(t) = 28*t + 70. Determine b(-2).
14
Let p(g) = g - 31. Calculate p(-9).
-40
Let z(m) = -m**2 + 103*m - 1431. Calculate z(17).
31
Let i(r) = r**2 + 628*r + 87776. Determine i(-210).
-4
Let p(r) = 2*r**3 - r**2 - 29. Determine p(0).
-29
Let z(d) = -133*d - 920. Give z(-9).
277
Let h(d) = -12*d**2 + 52*d + 49. Give h(-1).
-15
Let c(k) = 19*k**2 + 309*k + 25. Give c(-16).
-55
Let x(k) = -20*k**3 - 2*k**2 - 11*k - 15. What is x(-1)?
14
Let q(i) = i**3 - 6*i**2 - 51*i + 83. Determine q(11).
127
Let q(k) = 266*k - 3718. What is q(14)?
6
Let b(i) = -i**3 - 25*i**2 + 85*i + 62. Determine b(-28).
34
Let b(q) = -2*q**2 + 104*q - 1146. What is b(35)?
44
Let c(v) = -17*v**2 - 41*v + 36. Determine c(-3).
6
Let m(l) = -l**3 - 40*l**2 + 129*l - 4. Determine m(-43).
-4
Let o(k) = 4*k**3 - 83*k**2 - 48*k - 31. Calculate o(21).
-598
Let y(p) = -47*p + 1554. Calculate y(34).
-44
Let q(k) = -k**2 + 41*k - 182. What is q(37)?
-34
Let q(c) = 674*c + 240608. Give q(-357).
-10
Let i(a) = -a**3 - 51*a**2 + 119*a + 637. Calculate i(-53).
-52
Let k(y) = 8*y + 43. Determine k(-16).
-85
Let m(k) = 613*k + 4296. Calculate m(-7).
5
Let t(u) = 18*u + 301. Calculate t(-20).
-59
Let z(x) = 132*x**2 - 50*x - 52. Determine z(-1).
130
Let h(s) = -4*s**2 + 392*s + 1568. Calculate h(-4).
-64
Let y(h) = 189*h + 2423. Determine y(-13).
-34
Let z(k) = k**2 + 27*k + 110. Calculate z(-17).
-60
Let a(j) = 50*j + 1367. Give a(-22).
267
Let v(t) = -1218*t + 84030. Calculate v(69).
-12
Let k(j) = -11*j**2 - 32*j + 10. Determine k(8).
-950
Let q(y) = -133*y - 3061. Calculate q(-23).
-2
Let u(g) = -g**3 - 32*g**2 + 431*g + 10373. Determine u(-36).
41
Let m(z) = -z**3 - 2*z**2 + 2*z + 3. What is m(-7)?
234
Let j(a) = -3*a**2 - 5*a + 98. Calculate j(5).
-2
Let m(c) = -c**3 + 45*c**2 - 115*c - 396. Calculate m(42).
66
Let i(w) = -26*w + 659. Give i(26).
-17
Let u(f) = -f**3 - 17*f**2 + 68*f + 894. Give u(-18).
-6
Let v(g) = -g**2 - 113*g - 453. Determine v(-4).
-17
Let g(d) = -61*d + 419. Determine g(6).
53
Let g(m) = m**2 + 82*m + 1630. Calculate g(-46).
-26
Let w(l) = 4*l**3 + 93*l**2 + 108*l - 61. Determine w(-22).
-17
Let s(h) = -136*h - 13013. Determine s(-96).
43
Let u(b) = 2*b**2 + 56*b - 55. Give u(-29).
3
Let o(s) = s**3 - 10*s**2 - 171*s - 81. Determine o(19).
-81
Let s(r) = -3*r**2 - 18*r + 10. Calculate s(7).
-263
Let r(f) = 58*f - 251. What is r(4)?
-19
Let j(q) = -q**2 - 33*q - 31. Determine j(-25).
169
Let h(u) = -309*u + 619. Give h(2).
1
Let a(h) = h**2 + 13*h - 88. Give a(-18).
2
Let y(h) = -h**2 - 46*h + 95. Determine y(-46).
95
Let k(t) = 6*t**2 - 74*t - 86. Determine k(14).
54
Let l(g) = g**3 - 41*g**2 + 268*g - 7412. Give l(39).
-2
Let a(c) = 31*c - 4529. What is a(146)?
-3
Let x(c) = -c**3 + 73*c**2 - 516*c - 267. Calculate x(65).
-7
Let r(z) = z**2 - 32*z - 410. Determine r(44).
118
Let m(y) = -y**3 + 14*y**2 - 27*y - 3. Calculate m(7).
151
Let k(i) = -657*i + 48611. What is k(74)?
-7
Let d(o) = -3*o**2 + 30*o - 150. Determine d(17).
-507
Let k(c) = 9*c - 127. Determine k(13).
-10
Let c(a) = 4559*a - 27368. Determine c(6).
-14
Let k(c) = 2*c**2 + 611*c + 3009. Determine k(-5).
4
Let p(j) = -827*j + 115771. Give p(140).
-9
Let i(d) = -9*d**2 - 144*d + 22. Give i(-16).
22
Let c(v) = 9*v**2 + 215*v + 55. Give c(-24).
79
Let r(z) = -z**2 + 430*z + 13306. What is r(-29)?
-5
Let w(h) = 12*h**2 - 151*h - 627. Determine w(-4).
169
Let t(r) = 2*r**2 - 65*r + 304. Determine t(24).
-104
Let n(g) = -g**3 + 13*g**2 - 9*g - 5. What is n(10)?
205
Let r(h) = h**2 - 67*h - 16975. Calculate r(168).
-7
Let z(y) = -307*y + 5532. Give z(18).
6
Let t(k) = -21*k + 1248. Give t(56).
72
Let a(j) = -2*j**3 + 74*j**2 - 151*j + 133. Give a(35).
-252
Let d(z) = -z**2 + 48*z - 354. Calculate d(36).
78
Let j(d) = 792*d - 1567. Give j(2).
17
Let v(m) = -2*m**2 - 49*m + 27. What is v(-25)?
2
Let a(z) = 165*z + 7927. Calculate a(-48).
7
Let c(r) = r**3 + 38*r**2 - 4*r - 123. What is c(-38)?
29
Let x(z) = -3*z**3 + z**2 - 30*z - 32. Give x(-1).
2
Let h(d) = -9*d**3 - 18*d + 40. Calculate h(3).
-257
Let r(k) = 7*k**2 + 12*k + 12. What is r(-1)?
7
Let j(x) = -x**2 + 17*x - 52. What is j(18)?
-70
Let w(l) = l**3 + 54*l**2 + 367*l - 44. Determine w(-46).
2
Let o(s) = 6*s**2 + 356*s + 184. Determine o(-59).
66
Let m(a) = -10*a**2 - 1165*a - 585. Calculate m(-116).
-5
Let s(x) = 1294*x + 263984. What is s(-204)?
8
Let r(y) = -y**2 - 53*y - 870. What is r(-28)?
-170
Let w(r) = -106*r - 3590. Calculate w(-34).
14
Let i(o) = 250*o + 576. What is i(-3)?
-174
Let i(g) = -g**2 + 7*g + 100. Calculate i(12).
40
Let k(z) = 3*z**3 - 11*z**2 - 26*z - 132. Give k(6).
-36
Let a(f) = -236*f - 1207. Give a(-5).
-27
Let u(y) = 2*y - 9. Give u(4).
-1
Let u(w) = -530*w - 263944. What is u(-498)?
-4
Let v(p) = -39*p - 1474. Give v(-38).
8
Let s(i) = 38*i + 341. What is s(11)?
759
Let z(t) = 3*t**2 + 88*t - 34. What is z(-27)?
-223
Let n(j) = -j**3 - 200*j**2 + 221*j + 4011. What is n(-201)?
-9
Let a(z) = z**2 - 40*z + 366. What is a(22)?
-30
Let g(d) = -34*d**2 + 50*d + 150. What is g(3)?
-6
Let h(i) = i**3 - 12*i**2 + 10*i. What is h(8)?
-176
Let r(l) = l**2 - 34*l + 64. Calculate r(10).
-176
Let h(s) = 60*s - 462. Give h(8).
18
Let o(y) = 53*y + 1309. Determine o(-25).
-16
Let r(y) = -y**2 + 26*y + 264. Calculate r(-7).
33
Let u(c) = -13*c**3 + 301*c**2 - 43*c - 62. What is u(23)?
7
Let w(p) = 7*p**2 - 70*p - 376. Give w(-6).
296
Let s(w) = -264*w**2 - 13*w - 12. Calculate s(-1).
-263
Let v(m) = 1565*m + 6231. Calculate v(-4).
-29
Let j(y) = -13*y + 107. Calculate j(-5).
172
Let q(c) = c**3 + c**2 + 295*c - 6. Calculate q(0).
-6
Let b(p) = p**3 + 26*p**2 - 317*p - 77. Calculate b(-35).
-7
Let u(j) = 15*j**2 + 4*j + 6. Determine u(-2).
58
Let q(h) = 2*h**2 + 304*h + 6363. Calculate q(-25).
13
Let b(u) = 18*u**2 - 41*u + 105. What is b(3)?
144
Let o(m) = 148*m - 9. What is o(0)?
-9
Let r(m) = -10*m - 809. Calculate r(-8).
-729
Let q(c) = -6*c**3 + 3*c**2 - 3*c - 31. What is q(3)?
-175
Let f(x) = 27*x - 2148. Determine f(80).
12
Let a(h) = h**3 + 89*h**2 - 147. Give a(-89).
-147
Let t(d) = -8*d**2 + 17*d + 69. Calculate t(-7).
-442
Let l(c) = -c**3 - 8*c**2 + 5*c + 90. Determine l(-7).
6
Let n(c) = -c**3 + 7*c**2 + 23*c + 95. Determine n(9).
140
Let f(c) = -c**3 + 13*c**2 - 50*c + 285. Determine f(12).
-171
Let v(k) = 39*k**2 - 241*k - 44. Determine v(6).
-86
Let p(h) = -h**3 + 26*h**2 - 16*h - 224. Determine p(25).
1
Let t(v) = -v**3 - 31*v**2 - 13*v + 71. Calculate t(-31).
474
Let l(y) = 271*y**2 + 26*y + 25. Determine l(-1).
270
Let l(u) = 28*u**3 + 3*u**2 - 1. Give l(1).
30
Let x(m) = -8*m - 72. Give x(-10).
8
Let h(a) = a**2 - 7*a - 19. Give h(10).
11
Let q(l) = -l**3 - 7*l**2 - l - 14. Determine q(-7).
-7
Let a(x) = -385*x - 1575. Determine a(-4).
-35
Let h(p) = 1029*p + 404. Give h(-1).
-625
Let q(j) = j**3 + 11*j**2 - 55*j + 57. Determine q(-15).
-18
Let p(v) = 169*v + 3512. What is p(-21)?
-37
Let k(o) = 10*o**2 + 275*o + 127. Determine k(-27).
-8
Let w(a) = 3*a + 32. Give w(-15).
-13
Let r(w) = 786*w + 3138. Calculate r(-4).
-6
Let k(g) = g**3 + 26*g**2 + 62*g + 537. Give k(-24).
201
Let n(m) = -m**3 + 27*m**2 - 35*m + 86. Give n(26).
-148
Let x(a) = a**2 - 13*a - 24. Calculate x(7).
-66
Let n(v) = -29*v**2 - 211*v + 168. Calculate n(-8).
0
Let t(a) = -2*a**3 + 207*a**2 - 106*a + 308. Calculate t(103).
-1
Let v(m) = -10*m**2 - 727*m - 2568. Give v(-69).
-15
Let c(b) = -372*b**3 - 4*b**2 + 7*b - 4. Calculate c(1).
-373
Let z(k) = 3*k**2 + 211*k + 116. What is z(-70)?
46
Let i(w) = w**2 + 60*w - 966. Determine i(15).
159
Let j(h) = 4509*h + 36077. Determine j(-8).
5
Let j(t) = t**3 + 7*t**2 + 3*t - 13. What is j(-4)?
23
Let k(f) = f**3 + 19*f**2 - 2*f + 365. What is k(-20)?
5
Let p(z) = 6*z**2 + 54*z - 179. What is p(3)?
37
Let o(w) = 4*w**3 + 205*w**2 + 54*w + 155. Give o(-51).
2
Let a(d) = 2*d**3 + 81*d**2 - 54*d - 57. Calculate a(-41).
476
Let m(w) = w**3 - 33*w**2 + 137*w + 75. Give m(28).
-9
Let b(z) = -10*z**2 - 16*z - 2. Calculate b(-5).
-172
Let d(w) = -w**3 + 3*w**2 + 16*w + 59. What is d(0)?
59
Let b(w) = -464*w - 84443. Give b(-182).
5
Let n(m) = m**3 + 48*m**2 - 31*m + 864. Give n(-49).
-18
Let c(t) = 30*t**2 + 101*t + 